{"id":17,"date":"2025-06-13T21:28:19","date_gmt":"2025-06-13T19:28:19","guid":{"rendered":"https:\/\/fleurpastel.ca\/?page_id=17"},"modified":"2025-10-15T17:36:00","modified_gmt":"2025-10-15T15:36:00","slug":"a-propos","status":"publish","type":"page","link":"https:\/\/fleurpastel.ca\/index.php\/a-propos\/","title":{"rendered":"\u00c0 Propos"},"content":{"rendered":"<p><div class=\"fusion-fullwidth fullwidth-box fusion-builder-row-1 fusion-flex-container has-pattern-background has-mask-background nonhundred-percent-fullwidth non-hundred-percent-height-scrolling\" style=\"--awb-border-radius-top-left:0px;--awb-border-radius-top-right:0px;--awb-border-radius-bottom-right:0px;--awb-border-radius-bottom-left:0px;--awb-margin-top:-50px;--awb-flex-wrap:wrap;\" ><div class=\"fusion-builder-row fusion-row fusion-flex-align-items-flex-start fusion-flex-content-wrap\" style=\"max-width:1248px;margin-left: calc(-4% \/ 2 );margin-right: calc(-4% \/ 2 );\"><div class=\"fusion-layout-column fusion_builder_column fusion-builder-column-0 fusion_builder_column_1_1 1_1 fusion-flex-column\" style=\"--awb-bg-size:cover;--awb-width-large:100%;--awb-margin-top-large:0px;--awb-spacing-right-large:1.92%;--awb-margin-bottom-large:20px;--awb-spacing-left-large:1.92%;--awb-width-medium:100%;--awb-order-medium:0;--awb-spacing-right-medium:1.92%;--awb-spacing-left-medium:1.92%;--awb-width-small:100%;--awb-order-small:0;--awb-spacing-right-small:1.92%;--awb-spacing-left-small:1.92%;\"><div class=\"fusion-column-wrapper fusion-column-has-shadow fusion-flex-justify-content-flex-start fusion-content-layout-column\"><div class=\"fusion-title title fusion-title-1 fusion-sep-none fusion-title-text fusion-title-size-one\" style=\"--awb-text-color:var(--awb-custom_color_2);\"><h1 class=\"fusion-title-heading title-heading-left\" style=\"margin:0;\"><span style=\"font-family: Runalto;\">Fleur Pastel&#8230; Toute une histoire<\/span><\/h1><\/div><\/div><\/div><div class=\"fusion-layout-column fusion_builder_column fusion-builder-column-1 fusion_builder_column_1_2 1_2 fusion-flex-column\" style=\"--awb-bg-size:cover;--awb-width-large:50%;--awb-margin-top-large:0px;--awb-spacing-right-large:3.84%;--awb-margin-bottom-large:20px;--awb-spacing-left-large:3.84%;--awb-width-medium:50%;--awb-order-medium:0;--awb-spacing-right-medium:3.84%;--awb-spacing-left-medium:3.84%;--awb-width-small:100%;--awb-order-small:0;--awb-spacing-right-small:1.92%;--awb-spacing-left-small:1.92%;\"><div class=\"fusion-column-wrapper fusion-column-has-shadow fusion-flex-justify-content-flex-start fusion-content-layout-column\"><div class=\"fusion-image-element \" style=\"--awb-caption-title-font-family:var(--h2_typography-font-family);--awb-caption-title-font-weight:var(--h2_typography-font-weight);--awb-caption-title-font-style:var(--h2_typography-font-style);--awb-caption-title-size:var(--h2_typography-font-size);--awb-caption-title-transform:var(--h2_typography-text-transform);--awb-caption-title-line-height:var(--h2_typography-line-height);--awb-caption-title-letter-spacing:var(--h2_typography-letter-spacing);\"><span class=\" fusion-imageframe imageframe-none imageframe-1 hover-type-none\" style=\"border:4px solid var(--awb-custom_color_2);\"><img decoding=\"async\" width=\"1066\" height=\"1600\" title=\"FB_IMG_1750683400756\" src=\"https:\/\/fleurpastel.ca\/wp-content\/uploads\/2025\/06\/FB_IMG_1750683400756.jpg\" alt class=\"img-responsive wp-image-124\" srcset=\"https:\/\/fleurpastel.ca\/wp-content\/uploads\/2025\/06\/FB_IMG_1750683400756-200x300.jpg 200w, https:\/\/fleurpastel.ca\/wp-content\/uploads\/2025\/06\/FB_IMG_1750683400756-400x600.jpg 400w, https:\/\/fleurpastel.ca\/wp-content\/uploads\/2025\/06\/FB_IMG_1750683400756-600x901.jpg 600w, https:\/\/fleurpastel.ca\/wp-content\/uploads\/2025\/06\/FB_IMG_1750683400756-800x1201.jpg 800w, https:\/\/fleurpastel.ca\/wp-content\/uploads\/2025\/06\/FB_IMG_1750683400756.jpg 1066w\" sizes=\"(max-width: 640px) 100vw, 600px\" \/><\/span><\/div><\/div><\/div><div class=\"fusion-layout-column fusion_builder_column fusion-builder-column-2 fusion_builder_column_1_2 1_2 fusion-flex-column\" style=\"--awb-bg-size:cover;--awb-width-large:50%;--awb-margin-top-large:0px;--awb-spacing-right-large:3.84%;--awb-margin-bottom-large:20px;--awb-spacing-left-large:3.84%;--awb-width-medium:50%;--awb-order-medium:0;--awb-spacing-right-medium:3.84%;--awb-spacing-left-medium:3.84%;--awb-width-small:100%;--awb-order-small:0;--awb-spacing-right-small:1.92%;--awb-spacing-left-small:1.92%;\"><div class=\"fusion-column-wrapper fusion-column-has-shadow fusion-flex-justify-content-flex-start fusion-content-layout-column\"><div class=\"fusion-text fusion-text-1\" style=\"--awb-font-size:18px;\"><p style=\"font-family: Runalto;\" data-fusion-font=\"true\">Depuis son ouverture en mai 2025, le Caf\u00e9 Fleur Pastel \u0153uvre \u00e0 la satisfaction de sa client\u00e8le en proposant une exp\u00e9rience unique et gourmande bas\u00e9e sur des produits hauts de gamme, le tout dans une ambiance chaleureuse et cosy.<br \/>\nQu&rsquo;il s&rsquo;agisse de confectionner nos viennoiseries, nos pains, nos plats, pr\u00e9parer un caf\u00e9, un matcha ou encore tout simplement de renseigner un client, tout est fait avec amour et passion du m\u00e9tier.<\/p>\n<p style=\"font-family: Runalto;\" data-fusion-font=\"true\">En vieux qu\u00e9b\u00e9cois, fleur, flour, voulait dire farine. Ainsi, \u00e9tait-il courant d&rsquo;entendre <span style=\"letter-spacing: 0.24px; background-color: rgba(0, 0, 0, 0);\">\u00abva donc me chercher de la fleur \u00e0 l&rsquo;\u00e9picerie !\u00bb Fleurer signifie \u00e9galement saupoudrer&#8230; <\/span><span style=\"letter-spacing: 0.24px; background-color: rgba(0, 0, 0, 0);\">de farine. <\/span><\/p>\n<p style=\"font-family: Runalto;\" data-fusion-font=\"true\"><span style=\"letter-spacing: 0.24px; background-color: rgba(0, 0, 0, 0);\">En vieux fran\u00e7ais, \u00ab pastel \u00bb d\u00e9signe un morceau de p\u00e2te.<\/span><\/p>\n<p style=\"font-family: Runalto;\" data-fusion-font=\"true\">Fleur Pastel, c\u2019est donc un peu la rencontre du Qu\u00e9bec et de la France, incarnant avant tout la tradition. Une tradition <span style=\"letter-spacing: 0.24px; background-color: rgba(0, 0, 0, 0);\">qui s&rsquo;est transmise en d\u00e9pit d&rsquo;un oc\u00e9an entre les deux.<\/span><\/p>\n<p style=\"font-family: Runalto;\" data-fusion-font=\"true\">l\u00e9ger comme une tra\u00een\u00e9e de farine dans un rayon de lumi\u00e8re. De la po\u00e9sie et une belle <span style=\"letter-spacing: 0.24px; background-color: rgba(0, 0, 0, 0);\">histoire s&rsquo;\u00e9crivent \u00e0 l&rsquo;\u00e9vocation de ces mots : Fleur Pastel.<\/span><\/p>\n<p style=\"font-family: Runalto;\" data-fusion-font=\"true\"><span style=\"letter-spacing: 0.24px; background-color: rgba(0, 0, 0, 0);\"><img decoding=\"async\" class=\"aligncenter size-medium wp-image-126\" src=\"https:\/\/fleurpastel.ca\/wp-content\/uploads\/2025\/06\/ChatGPT-Image-23-juin-2025-09_30_29-300x300.png\" alt=\"\" width=\"300\" height=\"300\" srcset=\"https:\/\/fleurpastel.ca\/wp-content\/uploads\/2025\/06\/ChatGPT-Image-23-juin-2025-09_30_29-66x66.png 66w, https:\/\/fleurpastel.ca\/wp-content\/uploads\/2025\/06\/ChatGPT-Image-23-juin-2025-09_30_29-150x150.png 150w, https:\/\/fleurpastel.ca\/wp-content\/uploads\/2025\/06\/ChatGPT-Image-23-juin-2025-09_30_29-200x200.png 200w, https:\/\/fleurpastel.ca\/wp-content\/uploads\/2025\/06\/ChatGPT-Image-23-juin-2025-09_30_29-300x300.png 300w, https:\/\/fleurpastel.ca\/wp-content\/uploads\/2025\/06\/ChatGPT-Image-23-juin-2025-09_30_29-400x400.png 400w, https:\/\/fleurpastel.ca\/wp-content\/uploads\/2025\/06\/ChatGPT-Image-23-juin-2025-09_30_29-600x600.png 600w, https:\/\/fleurpastel.ca\/wp-content\/uploads\/2025\/06\/ChatGPT-Image-23-juin-2025-09_30_29-768x768.png 768w, https:\/\/fleurpastel.ca\/wp-content\/uploads\/2025\/06\/ChatGPT-Image-23-juin-2025-09_30_29-800x800.png 800w, https:\/\/fleurpastel.ca\/wp-content\/uploads\/2025\/06\/ChatGPT-Image-23-juin-2025-09_30_29.png 1024w\" sizes=\"(max-width: 300px) 100vw, 300px\" \/><\/span><\/p>\n<\/div><\/div><\/div><\/div><\/div><div class=\"fusion-fullwidth fullwidth-box fusion-builder-row-2 fusion-flex-container has-pattern-background has-mask-background nonhundred-percent-fullwidth non-hundred-percent-height-scrolling\" style=\"--awb-border-radius-top-left:0px;--awb-border-radius-top-right:0px;--awb-border-radius-bottom-right:0px;--awb-border-radius-bottom-left:0px;--awb-padding-top:0px;--awb-padding-bottom:0px;--awb-margin-top:0px;--awb-margin-bottom:0px;--awb-flex-wrap:wrap;\" ><div class=\"fusion-builder-row fusion-row fusion-flex-align-items-flex-start fusion-flex-content-wrap\" style=\"max-width:1248px;margin-left: calc(-4% \/ 2 );margin-right: calc(-4% \/ 2 );\"><div class=\"fusion-layout-column fusion_builder_column fusion-builder-column-3 fusion_builder_column_1_1 1_1 fusion-flex-column\" style=\"--awb-bg-size:cover;--awb-width-large:100%;--awb-margin-top-large:0px;--awb-spacing-right-large:1.92%;--awb-margin-bottom-large:20px;--awb-spacing-left-large:1.92%;--awb-width-medium:100%;--awb-order-medium:0;--awb-spacing-right-medium:1.92%;--awb-spacing-left-medium:1.92%;--awb-width-small:100%;--awb-order-small:0;--awb-spacing-right-small:1.92%;--awb-spacing-left-small:1.92%;\"><div class=\"fusion-column-wrapper fusion-column-has-shadow fusion-flex-justify-content-flex-start fusion-content-layout-column\"><div class=\"fusion-title title fusion-title-2 fusion-sep-none fusion-title-text fusion-title-size-one\" style=\"--awb-text-color:var(--awb-custom_color_2);\"><h1 class=\"fusion-title-heading title-heading-left\" style=\"margin:0;\"><h1><span style=\"font-family: Runalto;\" data-fusion-font=\"true\">La passion des fondateurs de Fleur Pastel<\/span><\/h1><\/h1><\/div><\/div><\/div><\/div><\/div><div class=\"fusion-fullwidth fullwidth-box fusion-builder-row-3 fusion-flex-container has-pattern-background has-mask-background nonhundred-percent-fullwidth non-hundred-percent-height-scrolling\" style=\"--awb-border-radius-top-left:0px;--awb-border-radius-top-right:0px;--awb-border-radius-bottom-right:0px;--awb-border-radius-bottom-left:0px;--awb-flex-wrap:wrap;\" ><div class=\"fusion-builder-row fusion-row fusion-flex-align-items-flex-start fusion-flex-content-wrap\" style=\"max-width:1248px;margin-left: calc(-4% \/ 2 );margin-right: calc(-4% \/ 2 );\"><div class=\"fusion-layout-column fusion_builder_column fusion-builder-column-4 fusion_builder_column_1_4 1_4 fusion-flex-column\" style=\"--awb-bg-size:cover;--awb-width-large:25%;--awb-margin-top-large:0px;--awb-spacing-right-large:7.68%;--awb-margin-bottom-large:20px;--awb-spacing-left-large:7.68%;--awb-width-medium:25%;--awb-order-medium:0;--awb-spacing-right-medium:7.68%;--awb-spacing-left-medium:7.68%;--awb-width-small:100%;--awb-order-small:0;--awb-spacing-right-small:1.92%;--awb-spacing-left-small:1.92%;\"><div class=\"fusion-column-wrapper fusion-column-has-shadow fusion-flex-justify-content-flex-start fusion-content-layout-column\"><div class=\"fusion-image-element \" style=\"--awb-caption-title-font-family:var(--h2_typography-font-family);--awb-caption-title-font-weight:var(--h2_typography-font-weight);--awb-caption-title-font-style:var(--h2_typography-font-style);--awb-caption-title-size:var(--h2_typography-font-size);--awb-caption-title-transform:var(--h2_typography-text-transform);--awb-caption-title-line-height:var(--h2_typography-line-height);--awb-caption-title-letter-spacing:var(--h2_typography-letter-spacing);\"><span class=\" fusion-imageframe imageframe-none imageframe-2 hover-type-none\"><img decoding=\"async\" src=\"https:\/\/fleurpastel.ca\/wp-content\/uploads\/2025\/10\/IMG_6557-683x1024.jpg\" alt class=\"img-responsive wp-image-484\"\/><\/span><\/div><\/div><\/div><div class=\"fusion-layout-column fusion_builder_column fusion-builder-column-5 fusion_builder_column_1_4 1_4 fusion-flex-column\" style=\"--awb-bg-size:cover;--awb-width-large:25%;--awb-margin-top-large:0px;--awb-spacing-right-large:7.68%;--awb-margin-bottom-large:20px;--awb-spacing-left-large:7.68%;--awb-width-medium:25%;--awb-order-medium:0;--awb-spacing-right-medium:7.68%;--awb-spacing-left-medium:7.68%;--awb-width-small:100%;--awb-order-small:0;--awb-spacing-right-small:1.92%;--awb-spacing-left-small:1.92%;\"><div class=\"fusion-column-wrapper fusion-column-has-shadow fusion-flex-justify-content-flex-start fusion-content-layout-column\"><div class=\"fusion-text fusion-text-2\" style=\"--awb-font-size:18px;--awb-text-font-family:&quot;Runalto&quot;;--awb-text-font-style:normal;--awb-text-font-weight:400;\"><p style=\"font-family: Runalto; color: var(--awb-custom_color_2);\" data-fusion-font=\"true\"><b>Antoine Heurteux<\/b><\/p>\n<p data-fusion-font=\"true\"><em>\u00ab\u00a0Tr\u00e8s t\u00f4t, dans ma scolarit\u00e9 en France, j&rsquo;ai ressenti le besoin d&rsquo;apporter du concret \u00e0 mon parcours. Int\u00e9grer la boulangerie en formation professionnelle a tr\u00e8s vite fait sens pour moi bien que mes d\u00e9buts ne furent pas faciles.<\/em><\/p>\n<p data-fusion-font=\"true\"><em>Puis, la passion du m\u00e9tier s&rsquo;est impos\u00e9e \u00e0 moi. J&rsquo;encha\u00eenai le CAP, la mention compl\u00e9mentaire et, enfin, mon brevet professionnel.<\/em><\/p>\n<p data-fusion-font=\"true\"><em>Mon go\u00fbt pour la comp\u00e9tition et mon envie d&rsquo;apprendre m&rsquo;ont amen\u00e9 \u00e0 me lancer dans les concours.<\/em><\/p>\n<p data-fusion-font=\"true\"><em>Aujourd&rsquo;hui, \u00e0 26 ans, je suis fier de voir mon r\u00eave se r\u00e9aliser : Ouvrir une boulangerie qui refl\u00e8te mes valeurs. Un lieu o\u00f9 je peux transmettre ma passion et partager tout le plaisir que j&rsquo;ai \u00e0 exercer ce beau m\u00e9tier.\u00a0\u00bb<\/em><\/p>\n<p><b>PALMAR\u00c8S d&rsquo;Antoine<\/b><\/p>\n<p><b>Meilleur jeune boulanger<\/b> <b>d\u00e9partemental<\/b> (Indre-et-Loire) : 2014 et 2015<\/p>\n<p><b>Meilleur apprenti de France<\/b> (MAF) <b>en boulangerie<\/b> : 2017<\/p>\n<p><b>M\u00e9daille d\u2019or aux 45\u1d49 Olympiades des M\u00e9tiers<\/b> (WorldSkills France) : 2018<\/p>\n<p><b>Double Champion de France -\u202f21\u202fans puis senior : <\/b>2018<\/p>\n<p><b>11\u00e8me place mondiale aux championnats du monde en Russie : <\/b>2019<\/p>\n<\/div><\/div><\/div><div class=\"fusion-layout-column fusion_builder_column fusion-builder-column-6 fusion_builder_column_1_4 1_4 fusion-flex-column\" style=\"--awb-bg-size:cover;--awb-width-large:25%;--awb-margin-top-large:0px;--awb-spacing-right-large:7.68%;--awb-margin-bottom-large:20px;--awb-spacing-left-large:7.68%;--awb-width-medium:25%;--awb-order-medium:0;--awb-spacing-right-medium:7.68%;--awb-spacing-left-medium:7.68%;--awb-width-small:100%;--awb-order-small:0;--awb-spacing-right-small:1.92%;--awb-spacing-left-small:1.92%;\"><div class=\"fusion-column-wrapper fusion-column-has-shadow fusion-flex-justify-content-flex-start fusion-content-layout-column\"><div class=\"fusion-text fusion-text-3\" style=\"--awb-font-size:18px;--awb-text-font-family:&quot;Runalto&quot;;--awb-text-font-style:normal;--awb-text-font-weight:400;\"><p style=\"font-family: Runalto; color: var(--awb-custom_color_2);\" data-fusion-font=\"true\"><b>Fran\u00e7ois Perez<\/b><\/p>\n<p><em>\u00ab\u00a0\u00c0 31 ans, originaire de la jolie r\u00e9gion de la Dr\u00f4me, \u00e0 Romans sur Is\u00e8re, je me d\u00e9finis comme un passionn\u00e9 de restauration artisanale.<\/em><\/p>\n<p><em>Aujourd\u2019hui g\u00e9rant du caf\u00e9 Fleur Pastel, j&rsquo;aime me tenir en permanence aux c\u00f4t\u00e9s de mon \u00e9quipe, en salle comme au comptoir, pour accueillir et servir les clients dans une ambiance conviviale.<\/em><\/p>\n<p><em>Avec une solide exp\u00e9rience acquise en r\u00e9gion parisienne, j&rsquo;ai d\u00e9velopp\u00e9 un grand sens du service et une attention aux d\u00e9tails, que je m&rsquo;applique \u00e0 mettre au service d\u2019un lieu que j&rsquo;esp\u00e8re \u00e0 mon image : chaleureux, authentique et humain.\u00a0\u00bb<\/em><\/p>\n<p>Chaque jour, Fran\u00e7ois jongle entre gestion, accueil, service et pr\u00e9paration, avec le m\u00eame objectif\u202f: offrir \u00e0 ses clients une exp\u00e9rience simple, savoureuse et g\u00e9n\u00e9reuse.<\/p>\n<\/div><\/div><\/div><div class=\"fusion-layout-column fusion_builder_column fusion-builder-column-7 fusion_builder_column_1_4 1_4 fusion-flex-column\" style=\"--awb-bg-size:cover;--awb-width-large:25%;--awb-margin-top-large:0px;--awb-spacing-right-large:7.68%;--awb-margin-bottom-large:20px;--awb-spacing-left-large:7.68%;--awb-width-medium:25%;--awb-order-medium:0;--awb-spacing-right-medium:7.68%;--awb-spacing-left-medium:7.68%;--awb-width-small:100%;--awb-order-small:0;--awb-spacing-right-small:1.92%;--awb-spacing-left-small:1.92%;\"><div class=\"fusion-column-wrapper fusion-column-has-shadow fusion-flex-justify-content-flex-start fusion-content-layout-column\"><div class=\"fusion-image-element \" style=\"--awb-caption-title-font-family:var(--h2_typography-font-family);--awb-caption-title-font-weight:var(--h2_typography-font-weight);--awb-caption-title-font-style:var(--h2_typography-font-style);--awb-caption-title-size:var(--h2_typography-font-size);--awb-caption-title-transform:var(--h2_typography-text-transform);--awb-caption-title-line-height:var(--h2_typography-line-height);--awb-caption-title-letter-spacing:var(--h2_typography-letter-spacing);\"><span class=\" fusion-imageframe imageframe-none imageframe-3 hover-type-none\"><img decoding=\"async\" width=\"768\" height=\"1024\" title=\"IMG_7661\" src=\"https:\/\/fleurpastel.ca\/wp-content\/uploads\/2025\/06\/IMG_7661-768x1024.jpg\" alt class=\"img-responsive wp-image-133\" srcset=\"https:\/\/fleurpastel.ca\/wp-content\/uploads\/2025\/06\/IMG_7661-200x267.jpg 200w, https:\/\/fleurpastel.ca\/wp-content\/uploads\/2025\/06\/IMG_7661-400x533.jpg 400w, https:\/\/fleurpastel.ca\/wp-content\/uploads\/2025\/06\/IMG_7661-600x800.jpg 600w, https:\/\/fleurpastel.ca\/wp-content\/uploads\/2025\/06\/IMG_7661-800x1067.jpg 800w, https:\/\/fleurpastel.ca\/wp-content\/uploads\/2025\/06\/IMG_7661-1200x1600.jpg 1200w, https:\/\/fleurpastel.ca\/wp-content\/uploads\/2025\/06\/IMG_7661-scaled.jpg 1920w\" sizes=\"(max-width: 640px) 100vw, 400px\" \/><\/span><\/div><\/div><\/div><\/div><\/div><\/p>\n","protected":false},"excerpt":{"rendered":"","protected":false},"author":1,"featured_media":0,"parent":0,"menu_order":0,"comment_status":"closed","ping_status":"closed","template":"100-width.php","meta":{"footnotes":""},"class_list":["post-17","page","type-page","status-publish","hentry"],"aioseo_notices":[],"_links":{"self":[{"href":"https:\/\/fleurpastel.ca\/index.php\/wp-json\/wp\/v2\/pages\/17","targetHints":{"allow":["GET"]}}],"collection":[{"href":"https:\/\/fleurpastel.ca\/index.php\/wp-json\/wp\/v2\/pages"}],"about":[{"href":"https:\/\/fleurpastel.ca\/index.php\/wp-json\/wp\/v2\/types\/page"}],"author":[{"embeddable":true,"href":"https:\/\/fleurpastel.ca\/index.php\/wp-json\/wp\/v2\/users\/1"}],"replies":[{"embeddable":true,"href":"https:\/\/fleurpastel.ca\/index.php\/wp-json\/wp\/v2\/comments?post=17"}],"version-history":[{"count":21,"href":"https:\/\/fleurpastel.ca\/index.php\/wp-json\/wp\/v2\/pages\/17\/revisions"}],"predecessor-version":[{"id":485,"href":"https:\/\/fleurpastel.ca\/index.php\/wp-json\/wp\/v2\/pages\/17\/revisions\/485"}],"wp:attachment":[{"href":"https:\/\/fleurpastel.ca\/index.php\/wp-json\/wp\/v2\/media?parent=17"}],"curies":[{"name":"wp","href":"https:\/\/api.w.org\/{rel}","templated":true}]}}